f 332118465.
3, 5, 7, 61, 51853
List the prime factors of 212253777.
3, 2620417
List the prime factors of 50621562.
2, 3, 109, 25801
List the prime factors of 1545401327.
421, 1039, 3533
List the prime factors of 661927318.
2, 13, 25458743
What are the prime factors of 170382564?
2, 3, 11, 430259
What are the prime factors of 194582537?
373, 521669
What are the prime factors of 155338275?
3, 5, 113, 18329
List the prime factors of 106736518.
2, 7, 7624037
What are the prime factors of 708216084?
2, 3, 19672669
What are the prime factors of 33231143?
11, 37, 81649
What are the prime factors of 188974153?
1301, 145253
What are the prime factors of 141231959?
11, 19, 675751
What are the prime factors of 145292866?
2, 72646433
What are the prime factors of 383260829?
7, 467, 117241
What are the prime factors of 98172928?
2, 7, 107
What are the prime factors of 433699481?
283, 1532507
List the prime factors of 75772294.
2, 13, 2914319
What are the prime factors of 71382859?
71382859
List the prime factors of 818860529.
818860529
List the prime factors of 21168266.
2, 7, 1512019
List the prime factors of 4924590722.
2, 47, 52389263
List the prime factors of 112948394.
2, 13, 4344169
List the prime factors of 85391068.
2, 7, 17, 179393
What are the prime factors of 134949420?
2, 3, 5, 521, 1439
List the prime factors of 16019956.
2, 4004989
What are the prime factors of 1257589418?
2, 103, 277, 22039
What are the prime factors of 173638475?
5, 59, 117721
What are the prime factors of 78182633?
613, 127541
List the prime factors of 269694318.
2, 3, 3733, 12041
List the prime factors of 29503323.
3, 3278147
What are the prime factors of 6683322?
2, 3, 1113887
List the prime factors of 2968495219.
293, 1021, 9923
List the prime factors of 31420240.
2, 5, 97, 4049
List the prime factors of 1996434383.
89, 373, 60139
What are the prime factors of 751362447?
3, 11, 17, 313, 389
List the prime factors of 52684388.
2, 13171097
List the prime factors of 242962165.
5, 37, 83, 15823
What are the prime factors of 720749370?
2, 3, 5, 11, 2184089
What are the prime factors of 207407256?
2, 3, 7, 127, 9721
List the prime factors of 16467780.
2, 3, 5, 7, 39209
List the prime factors of 92841026.
2, 113, 410801
List the prime factors of 370574776.
2, 11, 13, 227, 1427
List the prime factors of 331065770.
2, 5, 7, 281, 16831
List the prime factors of 536531936.
2, 1033, 16231
List the prime factors of 11435653.
197, 58049
List the prime factors of 924096796.
2, 7, 33003457
List the prime factors of 4993445177.
7, 61, 11694251
What are the prime factors of 68262877?
19, 97, 37039
What are the prime factors of 429001278?
2, 3, 499, 143287
List the prime factors of 2395082359.
2395082359
What are the prime factors of 47891152?
2, 23, 181, 719
What are the prime factors of 160365550?
2, 5, 313, 10247
What are the prime factors of 74390559?
3, 43, 576671
What are the prime factors of 30149075?
5, 11, 17, 6449
List the prime factors of 183647423.
183647423
List the prime factors of 387936188.
2, 96984047
What are the prime factors of 722274266?
2, 7, 51591019
What are the prime factors of 235498778?
2, 117749389
What are the prime factors of 73623312?
2, 3, 7, 73039
What are the prime factors of 577128116?
2, 19, 31, 487, 503
What are the prime factors of 60693530?
2, 5, 41, 179, 827
What are the prime factors of 83662742?
2, 41831371
List the prime factors of 39516450.
2, 3, 5, 263443
List the prime factors of 131355855.
3, 5, 17, 171707
What are the prime factors of 1400818388?
2, 350204597
What are the prime factors of 8156412055?
5, 11, 19, 101, 77279
List the prime factors of 1035956903.
43, 3461, 6961
What are the prime factors of 1587045950?
2, 5, 7, 4534417
List the prime factors of 322944534.
2, 3, 11, 43, 83, 457
List the prime factors of 95221215.
3, 5, 2116027
What are the prime factors of 38353881?
3, 809, 15803
List the prime factors of 36737421.
3, 7, 211, 8291
What are the prime factors of 64599390?
2, 3, 5, 67, 3571
List the prime factors of 107136290.
2, 5, 10713629
List the prime factors of 2499737754.
2, 3, 71, 5867929
List the prime factors of 152609022.
2, 3, 942031
List the prime factors of 2064373878.
2, 3, 7, 23, 2137033
List the prime factors of 607829507.
607829507
What are the prime factors of 54563210?
2, 5, 13, 29, 41, 353
List the prime factors of 1983657931.
19, 23, 4539263
What are the prime factors of 1710544782?
2, 3, 285090797
List the prime factors of 1001880429.
3, 11, 29, 1046897
What are the prime factors of 8402403143?
643, 691, 18911
List the prime factors of 96481070.
2, 5, 7, 1378301
What are the prime factors of 47472033?
3, 7, 322939
List the prime factors of 3106007442.
2, 3, 53, 3255773
List the prime factors of 3974128142.
2, 31, 64098841
List the prime factors of 24618375.
3, 5, 79, 277
List the prime factors of 541218696.
2, 3, 41, 587, 937
What are the prime factors of 3874312?
2, 13, 37253
List the prime factors of 700877787.
3, 281, 831409
List the prime factors of 3219378828.
2, 3, 1259, 213091
List the prime factors of 583631039.
401, 1455439
List the prime factors of 683252196.
2, 3, 11, 1609, 3217
What are the prime factors of 15827879?
67, 337, 701
List the prime factors of 80429560.
2, 5, 991, 2029
What are the prime factors of 17652196?
2, 4413049
What are the prime factors of 141436828?
2, 13, 29, 71, 1321
What are the prime factors of 612348003?
3, 68038667
What are the prime factors of 153021794?
2, 17, 61, 89, 829
What are the prime factors of 98043791?
5003, 19597
List the prime factors of 143230530.
2, 3, 5, 4774351
What are the prime factors of 4002799370?
2, 5, 109, 3672293
List the prime factors of 379215485.
5, 11, 6894827
What are the prime factors of 107397474?
2, 3, 17899579
What are the prime factors of 265993438?
2, 132996719
List the prime factors of 523846684.
2, 130961671
What are the prime factors of 18757652?
2, 4689413
List the prime factors of 2132999878.
2, 1066499939
What are the prime factors of 768529175?
5, 30741167
List the prime factors of 405255222.
2, 3, 29, 127, 6113
What are the prime factors of 26927823?
3, 13, 37, 18661
List the prime factors of 4629465901.
2039, 2270459
List the prime factors of 138591022.
2, 69295511
List the prime factors of 40128150.
2, 3, 5, 267521
What are the prime factors of 333512947?
19, 2143, 8191
List the prime factors of 405242237.
41, 769, 12853
List the prime factors of 524826567.
3, 17, 43, 26591
What are the prime factors of 82312421?
7867, 10463
List the prime factors of 658937661.
3, 219645887
List the prime factors of 1852779644.
2, 7411, 62501
List the prime factors of 3669204.
2, 3, 7, 11, 19
What are the prime factors of 1907595059?
83, 157, 146389
List the prime factors of 37127680.
2, 5, 14503
List the prime factors of 852318060.
2, 3, 5, 11, 1291391
What are the prime factors of 1864359976?
2, 233044997
What are the prime factors of 25388253?
3, 11, 29, 37, 239
What are the prime factors of 1425244614?
2, 3, 29, 433, 18917
List the prime factors of 290236307.
290236307
What are the prime factors of 16506018?
2, 3, 11321
List the prime factors of 52571481.
3, 1429, 12263
List the prime factors of 3632539292.
2, 3319, 273617
What are the prime factors of 16953414?
2, 3, 59, 83, 577
What are the prime factors of 5727661683?
3, 173, 277, 39841
List the prime factors of 156343241.
37, 191, 22123
List the prime factors of 1515659505.
3, 5, 41, 2464487
List the prime factors of 20969715.
3, 5, 13, 53, 2029
What are the prime factors of 224812234?
2, 29, 3876073
What are the prime factors of 49101161?
53, 926437
List the prime factors of 109836366.
2, 3, 1783, 10267
What are the prime factors of 164603643?
3, 41, 1338241
What are the prime factors of 2500669764?
2, 3, 69463049
What are the prime factors of 2385642264?
2, 3, 181, 233, 2357
List the prime factors of 39679548.
2, 3, 3306629
List the prime factors of 1112413987.
29, 191, 229, 877
What are the prime factors of 1426685093?
223, 6397691
What are the prime factors of 91183499?
11, 8289409
List the prime factors of 94115195.
5, 23, 818393
What are the prime factors of 53289084?
2, 3, 17, 97, 2693
List the prime factors of 197171267.
197171267
List the prime factors of 1549020749.
15